21*p**2 + 6*p + 48. Calculate k(-21).
-78
Let x(n) = n**2 + 3*n + 46. Determine x(0).
46
Let x(y) = 2*y**2 + 26*y - 88. Give x(-16).
8
Let d(q) = -15*q**3 + 2*q**2 + q - 2. Determine d(1).
-14
Let f(a) = 3*a**2 + 14*a + 7. Give f(-5).
12
Let j(q) = 2*q - 41. Determine j(-19).
-79
Let c(u) = u - 10. Determine c(0).
-10
Let c(b) = b**3 - 13*b**2 + 3*b - 7. Calculate c(12).
-115
Let f(c) = -c**3 + 6*c**2 - 7*c - 1. Determine f(4).
3
Let u(s) = -s**3 - 30*s**2 + 135*s + 3. Calculate u(4).
-1
Let p(h) = 2*h - 2. Give p(-15).
-32
Let j(k) = -9*k + 52. Determine j(5).
7
Let v(m) = 2*m**2 - 21*m + 10. Calculate v(9).
-17
Let i(n) = -6*n - 7. What is i(12)?
-79
Let f(o) = -10*o + 44. Determine f(8).
-36
Let m(s) = 3*s - 21. Give m(8).
3
Let h(u) = -u**2 + u. Determine h(-3).
-12
Let u(q) = -2*q**3 + 13*q**2 + 7*q + 11. Determine u(7).
11
Let o(t) = -3*t - 5. Give o(-12).
31
Let n(i) = -i**2 + 2*i + 15. Give n(0).
15
Let v(a) = -9*a + 502. Calculate v(58).
-20
Let b(y) = 3*y**3 - 2*y**2 - 4*y + 3. Determine b(2).
11
Let d(p) = -2*p**2 + 7*p + 7. Determine d(4).
3
Let o(c) = -c**3 + 7*c**2 - c - 2. Determine o(7).
-9
Let u(c) = -3*c**2 - 2*c - 7. Calculate u(-3).
-28
Let q(v) = v**2 - 15*v + 15. Calculate q(15).
15
Let h(a) = -2*a + 12. Give h(9).
-6
Let t(d) = d**3 + 12*d**2 + 4*d + 39. Give t(-12).
-9
Let j(z) = 4*z - 3. Calculate j(2).
5
Let v(n) = -n**3 + 6*n**2 - 6*n + 3. Calculate v(5).
-2
Let f(w) = -w**2 - 10*w + 1. What is f(-9)?
10
Let f(h) = h - 10. Determine f(-5).
-15
Let s(d) = 2*d**3 + 3*d**2 - 8*d - 8. Calculate s(4).
136
Let l(z) = z**2 - 4*z + 6. Give l(3).
3
Let c(o) = o**2 + 14*o - 4. Calculate c(-16).
28
Let a(j) = -j**2 - 9*j + 1. Determine a(-5).
21
Let f(b) = -b**2 - b + 4. What is f(-2)?
2
Let v(r) = r**3 + 12*r**2 + 8*r - 10. Calculate v(-11).
23
Let f(k) = k**3 + 36*k**2 - 2*k - 83. What is f(-36)?
-11
Let r(g) = -12*g**2 - 66*g - 17. Determine r(-5).
13
Let l(d) = 37*d. Calculate l(-1).
-37
Let g(i) = 10*i + 72. Determine g(-18).
-108
Let s(j) = j**3 + 22*j**2 + 20*j - 25. Give s(-21).
-4
Let j(t) = t**3 - 5*t**2 + 10*t + 8. Give j(6).
104
Let d(m) = -3*m. Calculate d(-2).
6
Let s(r) = -r - 2. What is s(-16)?
14
Let j(h) = -4*h**3 + 2*h**2 - h - 3. Calculate j(-1).
4
Let y(p) = p**3 + 21*p**2 - 2*p + 31. Calculate y(-21).
73
Let r(a) = -44*a**2 - 4*a - 4. Calculate r(-1).
-44
Let j(o) = -o**2 + 11*o - 17. Determine j(14).
-59
Let a(c) = -c**2 - 3*c - 2. Give a(2).
-12
Let d(r) = r**3 + 10*r**2 + 3*r - 14. What is d(-9)?
40
Let l(y) = -3*y**2 - 59*y - 18. What is l(-19)?
20
Let x(s) = 8*s + 83. Give x(-11).
-5
Let v(l) = l**2 - 11. What is v(7)?
38
Let h(u) = -u**3 - 7*u**2 + 5*u + 9. What is h(-7)?
-26
Let v(n) = 2*n**2 - 3*n - 145. Calculate v(9).
-10
Let h(m) = m**3 - 11*m**2 + 6*m + 15. Calculate h(9).
-93
Let q(x) = -x**3 - 10*x**2 - 13*x + 16. Give q(-8).
-8
Let t(i) = 12*i - 9. What is t(4)?
39
Let w(b) = -b**3 - 8*b**2 - 3*b + 14. Calculate w(-7).
-14
Let m(v) = 7*v - 22. Calculate m(4).
6
Let m(t) = t**2 - 19*t - 11. Determine m(20).
9
Let r(b) = b**2 - 5*b + 2. Give r(5).
2
Let a(p) = -p**3 - 20*p**2 - 18*p + 28. Calculate a(-19).
9
Let z(x) = 15*x + 209. Calculate z(-14).
-1
Let r(t) = 21*t - 7. Determine r(2).
35
Let y(g) = -g**2 + 15*g + 22. What is y(15)?
22
Let q(j) = -j + 5. Determine q(17).
-12
Let p(a) = -a**2 + 24*a - 2. Calculate p(24).
-2
Let j(b) = -b**3 - 12*b**2 + 2*b + 14. Determine j(-12).
-10
Let f(m) = 24*m - 82. Calculate f(3).
-10
Let p(q) = -q - 10. What is p(-8)?
-2
Let h(k) = -k**3 - 3*k**2 - 2*k + 2. Give h(-3).
8
Let g(f) = -6*f - 92. What is g(-23)?
46
Let x(i) = -4*i**2 + 11*i - 23. Determine x(6).
-101
Let b(n) = 9*n - 8. What is b(1)?
1
Let j(s) = -s - 11. Determine j(12).
-23
Let w(g) = g + 3. Calculate w(4).
7
Let c(t) = 13*t - 158. Give c(14).
24
Let p(m) = -2*m**2 - 28*m + 29. Give p(-14).
29
Let p(k) = 10*k**3 + 5*k**2 - 3. What is p(-1)?
-8
Let a(d) = -11*d**3 + d**2 - 4*d + 4. Determine a(1).
-10
Let h(g) = -5*g + 106. Give h(19).
11
Let v(o) = -o**3 - 2*o**2 - 5. What is v(-3)?
4
Let f(s) = 7*s - 3. Calculate f(2).
11
Let p(o) = -4*o + 42. Calculate p(14).
-14
Let p(j) = j**3 - 3*j - 3. Give p(-2).
-5
Let r(w) = 19*w - 16. Give r(2).
22
Let u(n) = -n**2 + 78*n - 793. Calculate u(12).
-1
Let n(j) = j**2 - 31*j + 59. Give n(29).
1
Let r(s) = -s - 44. Determine r(-8).
-36
Let v(t) = -t**3 - 5*t**2 - 3*t - 1. Determine v(-3).
-10
Let p(j) = j**2 - j - 187. Calculate p(-13).
-5
Let i(d) = 3*d - 28. What is i(13)?
11
Let u(w) = -w**3 - 4*w**2 + 14*w + 12. Determine u(-5).
-33
Let d(w) = w**3 + 11*w**2 + 9*w - 2. Calculate d(-10).
8
Let k(l) = l**3 + 8*l**2 - 8*l + 3. Calculate k(-9).
-6
Let g(f) = -f**3 - 4*f**2 - 4*f - 5. Determine g(-3).
-2
Let b(g) = -g + 5. Give b(-6).
11
Let o(f) = -7*f + 40. What is o(-7)?
89
Let d(z) = z**3 - 6*z**2 - 5*z - 6. What is d(8)?
82
Let l(o) = o**2 - 6*o + 11. Give l(12).
83
Let w(g) = 9*g + 38. What is w(-5)?
-7
Let x(h) = -h**3 - 6*h**2 + 8*h + 15. Calculate x(-7).
8
Let r(u) = -2*u + 7. Give r(6).
-5
Let y(u) = 3*u**2 - 12*u - 131. Give y(-5).
4
Let j(x) = -x**2 - 9*x - 13. Give j(-6).
5
Let j(h) = 7*h**2 + 259*h - 15. Determine j(-37).
-15
Let n(t) = -t**3 + 12*t**2 - 17*t + 14. Calculate n(11).
-52
Let u(o) = -o**2 - 7*o + 27. Calculate u(-10).
-3
Let s(v) = 66*v + 467. Determine s(-7).
5
Let t(k) = -k**3 - 8*k**2 + 3*k + 26. Calculate t(-8).
2
Let j(t) = 4*t - 50. What is j(16)?
14
Let x(f) = 7*f + 9. Calculate x(-5).
-26
Let u(n) = n**2 - 24*n + 29. Determine u(23).
6
Let q(u) = -u**2 - 4*u + 5. Give q(-4).
5
Let j(k) = 11*k**3 + 2*k**2 - k + 1. Determine j(1).
13
Let y(g) = -g**3 + 10*g**2 - 21*g - 18. Calculate y(9).
-126
Let i(g) = 2*g**3 - 4*g**2 + 5*g - 3. Give i(2).
7
Let u(s) = -31*s**3 - s**2. Give u(1).
-32
Let u(o) = -2*o**2 + 8*o + 2. Calculate u(6).
-22
Let c(u) = -u**2 + 6*u + 10. Give c(8).
-6
Let q(z) = z**3 - z**2 + 2*z - 2. Give q(3).
22
Let w(g) = g**2 + 7*g - 9. Determine w(-7).
-9
Let z(r) = -6*r + 9. Calculate z(4).
-15
Let s(m) = -43*m - 379. Determine s(-9).
8
Let d(z) = z**2 - 5*z - 4. Determine d(8).
20
Let j(h) = 5*h**2 + h - 3. Give j(-6).
171
Let c(h) = -h**2 - h + 4. Determine c(-7).
-38
Let u(k) = -k**3 - 13*k**2 - 29*k + 10. What is u(-10)?
0
Let d(p) = p**2 - 18*p - 15. Determine d(8).
-95
Let y(v) = v**2 + 16*v - 35. Give y(-18).
1
Let n(z) = z**2 - 8*z - 40. Calculate n(12).
8
Let w(t) = -t**3 - 10*t**2 - 9*t - 88. What is w(-10)?
2
Let u(r) = 12*r - 32. Calculate u(3).
4
Let f(v) = -39*v + 1. Calculate f(2).
-77
Let b(a) = -a**2 - 6*a + 2. Calculate b(-6).
2
Let f(q) = -q**2 + 12*q. Calculate f(12).
0
Let u(y) = y**3 + 7*y**2 + 5*y + 5. Give u(-5).
30
Let t(p) = p**3 + 9*p**2 + 14*p - 41. What is t(-5)?
-11
Let o(d) = 3*d - 15. Give o(4).
-3
Let g(r) = -30*r + 141. Determine g(4).
21
Let d(a) = 2*a**2 + 17*a + 11. Calculate d(-8).
3
Let s(w) = -w**2 - w + 33. Determine s(-6).
3
Let j(o) = o**2 + 44*o + 52. What is j(-43)?
9
Let u(v) = -6*v**2 + 2. Determine u(-2).
-22
Let o(n) = 4*n + 3. Give o(-6).
-21
Let d(j) = 5*j + 34. Give d(-6).
4
Let x(c) = c**3 + 11*c**2 - c - 27. What is x(-11)?
-16
Let z(n) = -n**3 + 13*n**2 - 15*n + 18. Give z(12).
-18
Let x(j) = -j**2 - 66*j + 67. What is x(1)?
0
Let g(f) = -f**2 - 18*f - 26. Calculate g(-11).
51
Let d(l) = -l**2 - 10*l + 7. What is d(-11)?
-4
Let x(z) = z**2 - 2*z - 7. Calculate x(3).
-4
Let d(i) = i**3 - 4*i**2 - 11*i + 9. Give d(5).
-21
Let h(z) = -4*z**3 - z. Give h(-1).
5
Let r(j) = j - 6. What is r(-4)?
-10
Let a(f) = -4*f + 4. Give a(1).
0
Let m(d) = d**3 + 7*d**2 - 7*d + 8. Give m(-7).
57
Let k(m) = 18*m**2 - 7*m + 11. Give k(2).
69
Let u(c) = c**3 + 5*c**2 + 3*c - 1. Determine u(-5).
-16
Let n(a) = a + 1. What is n(18)?
19
Let l(q) = 5*q - 10. Determine l(-10).
-60
Let n(i) = i**3 - 8*i**2 - 25*i + 22. Determine n(11).
110
Let f(o) = 2*o**2 - 25*o - 25. What is f(14)?
17
Let s(b) = -3*b**2 - 12*b. What is s(-3)?
9
Let w(n) = 2*n**3 + 16*n**2 + 26*n + 14. Calculate w(-6).
2
Let m(i) = -11*i + 88. Calculate m(8).
0
Let y(l) = -9*l**3 - l**2 + 3*l - 3. What is y(1)?
-10
Let r(y) = y - 32. What is r(19)?
-13
Let m(b) = 4*b. Give m(1).
4
Let w(p) = p**3 - 11*p**2 - 15*p + 23. What is w(12)?
-13
Let j(s) = -s**3 - 5*s**2 + 11*s - 15. Give j(-7).
6
Let s(n) =